atest common factor of 34 and 606358618.
34
What is the highest common factor of 577655698 and 58?
58
Calculate the highest common divisor of 2197709 and 85.
17
What is the highest common factor of 1600 and 200083600?
400
Calculate the greatest common factor of 74689450 and 55.
55
What is the highest common factor of 446 and 18178?
2
Calculate the greatest common factor of 12497879 and 237.
79
Calculate the greatest common divisor of 261466 and 30632.
1094
What is the highest common factor of 103161342 and 2682?
894
Calculate the greatest common factor of 788210 and 1248440.
5290
What is the greatest common factor of 9564998 and 3051?
113
Calculate the highest common divisor of 772552 and 440.
88
Calculate the highest common divisor of 1750155 and 35541.
33
Calculate the highest common factor of 30537 and 27922563.
2349
Calculate the highest common factor of 1509 and 15388279.
503
Calculate the greatest common factor of 49 and 2272669.
49
What is the greatest common factor of 15849468 and 209292?
1956
What is the highest common divisor of 475 and 4237700?
25
What is the highest common divisor of 14136590 and 43290?
4810
What is the highest common factor of 7627 and 29?
29
Calculate the greatest common divisor of 5269 and 4824488.
479
What is the greatest common factor of 4474755 and 90?
45
What is the highest common factor of 2976 and 56170760?
248
Calculate the greatest common factor of 50406682 and 31.
31
What is the highest common divisor of 339533 and 5903743?
1291
What is the highest common divisor of 25 and 53964725?
25
What is the greatest common divisor of 153128384 and 32?
32
Calculate the greatest common divisor of 310712300 and 100.
100
What is the highest common factor of 6304 and 1206822?
394
Calculate the highest common divisor of 4966 and 2038738.
26
Calculate the highest common divisor of 22167 and 286686.
27
Calculate the greatest common factor of 2358 and 794678226.
786
What is the highest common factor of 22858367 and 209559?
4109
What is the greatest common divisor of 658 and 732141466?
658
What is the highest common divisor of 3414 and 61437206?
1138
Calculate the greatest common factor of 158 and 44714.
158
Calculate the greatest common divisor of 172876 and 3872.
44
What is the highest common factor of 5925 and 2730003?
237
Calculate the highest common factor of 2961 and 2224593.
63
What is the highest common divisor of 576063816 and 834?
834
Calculate the greatest common factor of 658902544 and 16.
16
What is the greatest common divisor of 20811800 and 350?
50
Calculate the greatest common factor of 35744 and 5945791.
1117
Calculate the highest common divisor of 13392 and 69312528.
4464
Calculate the highest common factor of 1594119 and 5909.
19
What is the greatest common factor of 76808760 and 720?
120
What is the greatest common factor of 1963230 and 16430?
310
Calculate the highest common factor of 8207394 and 130.
26
What is the highest common divisor of 74300249 and 911?
911
Calculate the greatest common divisor of 13869 and 3107691.
207
Calculate the greatest common divisor of 543978 and 2726.
94
What is the highest common factor of 69012 and 35469612?
2556
What is the highest common divisor of 1449390 and 2550?
30
Calculate the greatest common factor of 1357644 and 56120.
92
What is the highest common divisor of 62845566 and 1428?
714
What is the highest common divisor of 15246 and 152762742?
2178
What is the greatest common divisor of 6900 and 937848?
276
What is the greatest common divisor of 57514453 and 29?
29
Calculate the highest common divisor of 7160 and 45249410.
1790
What is the greatest common divisor of 745613 and 627?
11
Calculate the highest common divisor of 19544524 and 28.
4
Calculate the highest common divisor of 32643246 and 54.
6
Calculate the greatest common divisor of 197031612 and 24.
12
What is the highest common divisor of 274 and 189563338?
274
What is the greatest common divisor of 9018 and 14204352?
1002
Calculate the greatest common divisor of 923 and 2194062.
13
What is the highest common divisor of 3902323 and 3552224?
8539
Calculate the highest common factor of 157794 and 446250.
714
Calculate the highest common divisor of 453189 and 176.
11
What is the highest common divisor of 22519145 and 1245?
415
Calculate the greatest common divisor of 40262443 and 52.
13
Calculate the greatest common divisor of 269847 and 27.
9
Calculate the highest common divisor of 2930959 and 345.
23
Calculate the highest common factor of 3048306 and 66.
6
What is the greatest common divisor of 4636 and 2334592?
244
What is the greatest common divisor of 2081638 and 5980?
598
What is the highest common divisor of 4250 and 8164726?
34
What is the highest common factor of 1002 and 553038536?
334
What is the greatest common divisor of 154788 and 1428?
12
What is the greatest common factor of 238425 and 34100?
275
Calculate the highest common divisor of 914370 and 2685.
15
Calculate the greatest common factor of 20332 and 1518.
46
Calculate the greatest common factor of 11822887 and 268.
67
Calculate the greatest common divisor of 3549356 and 29357.
947
Calculate the highest common divisor of 33 and 569532491.
11
Calculate the highest common factor of 339845 and 1551.
11
What is the highest common divisor of 35732084 and 608?
76
Calculate the highest common factor of 598 and 930534.
46
Calculate the greatest common divisor of 117 and 248872.
13
What is the highest common divisor of 420 and 16434040?
140
What is the highest common factor of 932 and 546263141?
233
What is the highest common factor of 181955 and 65685?
755
What is the highest common factor of 1489735 and 387?
43
What is the greatest common divisor of 1299 and 163788?
3
Calculate the highest common divisor of 11496 and 17530921.
479
Calculate the highest common factor of 67900756 and 2660.
532
What is the highest common factor of 9468 and 14436?
36
What is the highest common divisor of 37754026 and 1216?
38
What is the greatest common divisor of 2168926 and 38?
38
What is the greatest common divisor of 37467072 and 58?
58
Calculate the greatest common divisor of 71631 and 8020019.
2653
Calculate the greatest common factor of 1784 and 6868.
4
Calculate the highest common divisor of 652120 and 2635.
85
Calculate the highest common factor of 29 and 7462831.
29
Calculate the greatest common divisor of 979575 and 375.
75
What is the greatest common divisor of 81 and 20738862?
27
What is the highest common divisor of 16990 and 1466560?
10
What is the greatest common factor of 26 and 3433599?
13
What is the greatest common factor of 57387 and 33748773?
5217
What is the greatest common factor of 26569221 and 11956?
2989
What is the greatest common divisor of 164750 and 89750?
250
Calculate the greatest common factor of 1232451 and 30503.
649
Calculate the greatest common factor of 545632 and 992.
32
Calculate the greatest common factor of 56216 and 1724.
4
What is the greatest common divisor of 702 and 6000912?
54
What is the highest common divisor of 19866 and 1508913?
903
What is the greatest common factor of 253474872 and 336?
168
Calculate the greatest common divisor of 41262 and 543306.
138
What is the highest common factor of 945 and 8056611?
27
Calculate the greatest common factor of 16982 and 84602.
14
Calculate the highest common factor of 357863 and 7546.
11
Calculate the greatest common factor of 44457361 and 66443.
3497
What is the highest common divisor of 71236 and 468065852?
6476
Calculate the highest common factor of 4111737 and 17430.
1743
What is the greatest common divisor of 1262017868 and 10293?
3431
What is the highest common factor of 621026 and 8820?
98
What is the greatest common divisor of 2171162 and 308?
14
What is the highest common divisor of 848160 and 817532?
2356
Calculate the greatest common divisor of 566624 and 68192.
32
Calculate the highest common divisor of 1916 and 8148269.
479
Calculate the greatest common divisor of 6670 and 479950.
290
Calculate the highest common divisor of 64406979 and 741.
741
Calculate the greatest common factor of 51 and 10881462.
51
Calculate the highest common divisor of 796421 and 45632.
713
Calculate the greatest common divisor of 140940 and 3478788.
972
Calculate the highest comm